*d(g). Calculate k(-4).
3
Let p(k) = -7*k**3 + 3*k**2 - 3*k + 1. Let y be p(1). Let a(g) = -6*g**2 - 2*g**3 + 0*g**3 - 3 + g**3 - 2*g. Give a(y).
9
Let a = -10 - -12. Suppose r + a = 8. Let l(h) = h**2 - 7*h + 2. Give l(r).
-4
Let r(v) be the second derivative of -v**4/12 - v**3 + 3*v**2/2 - 2*v. Let g(t) = -5*t**3 + t**2 + t - 2. Let w be g(1). What is r(w)?
8
Suppose 2*u - 5*f + 2*f + 14 = 0, -f = 0. Let x(s) = -4*s - 5. What is x(u)?
23
Let a(i) = 4*i**2 - 8 + 8 + i. Let d be 2*-3*(-1)/2. Let s be 1*2 + (-9)/d. Give a(s).
3
Let p(k) be the first derivative of k**2/2 - 8*k + 32. Calculate p(0).
-8
Let v = 11 - 6. Let q(s) be the third derivative of s**6/120 - s**5/15 - 5*s**4/24 - s**3 - 9*s**2. Calculate q(v).
-6
Let q(o) = o**2 + o + 4. Suppose -m = 2*s - 10 + 4, 0 = -5*m - 5*s + 15. Give q(m).
4
Let a be 2*(-10)/(-4)*1. Suppose 3*n + a = 4*n. Let h(s) = -s**2 + 3*s - 2. Determine h(n).
-12
Let l = 7 - 9. Let k(m) = -m**3 - 3*m**2 - 3*m - 3. Determine k(l).
-1
Let g be (-58)/10 + (-3)/15. Let k(p) = p - 7. What is k(g)?
-13
Let y(w) be the second derivative of 3*w**5/10 - w**4/12 + w**2/2 - 3*w. Suppose -2*a = -a + 4*p + 1, 0 = -5*p. Give y(a).
-6
Let h(w) = -4*w**3 - 5*w**2 - w + 1. Let r(n) = -n**3 - 1. Let i(z) = h(z) - 3*r(z). Let f(m) = m**3 - 11*m**2 + 27*m + 4. Let y be f(7). Determine i(y).
-11
Let x = 19 + -18. Let r(p) = 17*p**3 + 2*p**2 - p. Calculate r(x).
18
Let t(o) = -2*o - 6. Let v(s) = 1. Let q(w) = -t(w) - 5*v(w). Give q(2).
5
Let z(y) = -y**2 - 6*y + 6. Suppose 3*p - 18 = 3*a, 0*p - 4*p = -3*a - 22. Suppose 8 = p*k - 24. Let s be k/3*(-9)/4. Calculate z(s).
6
Let p(c) = -c - 1. Suppose 6*z = -2*z + 16. Give p(z).
-3
Let q(s) = 9*s - 4. Let j(f) = -f + 1. Let x(d) = -5*j(d) - q(d). Let m be -2 + 0*5/10. Calculate x(m).
7
Let o(q) = 6*q**3 + q + 4*q**3 - 4*q**3. Let k be (1 + -3)*1/(-2). Determine o(k).
7
Let a(j) = j - 11. Let b be a(13). Let q(m) be the third derivative of 0*m + 0*m**4 + m**b - 1/6*m**3 + 0 + 1/30*m**6 + 1/30*m**5. Give q(-1).
-3
Let m = 160 + -162. Let a(u) = u**2 + 3*u - 1. Determine a(m).
-3
Let s(y) = -4201*y**2 + 4201*y**2 + 1 - 13*y**3. Determine s(-1).
14
Let i(x) be the second derivative of 1/6*x**3 + 1/12*x**4 + 4*x + 0 - 5/2*x**2. Let w be ((-8)/(-6))/(1/(-3)). Give i(w).
7
Let f be (1 + -1)/(4/(-2)). Let u(s) = s**3 - s**2 + 7. Calculate u(f).
7
Let o be 4/(12/(-3))*0. Let x(u) = -u - 5. What is x(o)?
-5
Suppose -t + 0*t = 3*g + 11, -4*t - 16 = 5*g. Let b be (g - -7)*(-1)/3. Let u(s) be the third derivative of -s**4/24 - s**2. Calculate u(b).
1
Let l(f) = f**2 - 12*f - 4. Let p be l(12). Let g = p - -6. Suppose -3*h + 2 = -g*h. Let q(d) = -d**2 + 3*d - 1. Give q(h).
1
Let h(r) be the first derivative of -r**3/3 - 2*r**2 + 5*r + 22. Let u = 12 + -17. Calculate h(u).
0
Let d(o) = -2 + 3*o**2 + 3*o + 3 - 2*o**2 + 0*o**2. Suppose c + 2*t = 0, -2*c + 5*t - 5 = 13. Determine d(c).
5
Let f(i) = 0*i - 1 + 0 + 9 - i. Let a be f(4). Let u(r) = -r**3 + 4*r**2 - 4*r + 5. Calculate u(a).
-11
Let d(q) = q**3 - 13*q**2 + 11*q + 12. Let c be d(12). Let v(p) = p**3 + p - 3. Give v(c).
-3
Let v(b) be the third derivative of -b**4/8 + b**2. Suppose 5*t + 6 = 36. Let r be 2/(-6) + (-10)/t. What is v(r)?
6
Let s(t) = 3*t**2 + t - 3. Let m(v) = 10*v**2 + 2*v - 10. Let w(a) = 2*m(a) - 7*s(a). Let r = 7 - 12. Give w(r).
-9
Let j(n) = n**2 + 2*n - 2. Let d be j(-4). Let a(v) = v**3 - 7*v**2 + 7*v - 4. Calculate a(d).
2
Let i = 10 - 8. Let u be (0 + 4)*1/i. Let r(b) = 1 + 10*b - 2 - 11*b - 6*b**u. What is r(-1)?
-6
Let j(d) = 2*d + 1. Let m = -21 + 16. Calculate j(m).
-9
Suppose 2*t - 9 = -3*n, 3*n - 12 = -2*t - t. Let p(m) = m**2 + 3*m**2 - t*m**2 - 4. Determine p(3).
5
Let m = -8 + 6. Let b(q) = -3*q**2 - 2*q - 2. Let j(t) = 10*t**2 + 7*t + 7. Let d(y) = m*j(y) - 7*b(y). Give d(-3).
9
Let y(a) = a**3 + a - 1. Let m = 13 - 9. Let l be m/14 - 6/21. Suppose 2*j + l - 2 = 0. What is y(j)?
1
Let b be ((-8)/(-2) - 0) + 0. Let l = -9 + b. Let c(i) = -2*i + 5*i - 2*i + 3. Determine c(l).
-2
Let i be ((-8)/(-10))/(20/(-50)). Let w(s) = 2*s**3 + 3*s**2 - 3. Let a(k) = -1. Let g(v) = -3*a(v) + w(v). Calculate g(i).
-4
Let t(i) = i**2 - 4*i + 1 + 0*i**2 + 0*i. Let h be 3/2*4/2. What is t(h)?
-2
Let c(q) be the second derivative of 7*q**5/10 - q**4/12 + q**3/6 - 24*q. What is c(1)?
14
Suppose o - 8 = -0*o. Let u(t) = -5 + 1 - t - o + 4 + t**2. Calculate u(0).
-8
Let v(k) = k + 6. Let i(q) be the second derivative of -q**2/2 - 11*q. Let g(u) = 18*i(u) + 2*v(u). Determine g(5).
4
Let j(a) be the first derivative of a**3/3 - 4*a**2 + a - 2. What is j(6)?
-11
Let l(j) = -j**3 + 2*j**2 - 6*j - 1. Let a(w) = w**3 - w**2 + 5*w + 1. Let c(b) = 4*a(b) + 3*l(b). Suppose -3*z - 2*h + 2 = 3*h, 0 = -3*h + 3. Calculate c(z).
0
Let t(i) = 4*i**3 + 2*i**2 + i. Let d be t(-1). Suppose 2*b = 7*b - 10. Let c = b + d. Let x(a) = 6*a**3 - a - 1. What is x(c)?
-6
Let g(x) = 5*x**3 + 6*x**2 - 2*x. Let f(j) = j - 5*j**3 - 5*j**2 - 3 + 0*j**3 + j**3 + 2. Let s(n) = -4*f(n) - 3*g(n). What is s(-3)?
-11
Let n(l) be the third derivative of -l**6/120 - l**5/60 + l**4/12 + l**3/2 - 4*l**2 - 13. Determine n(-2).
3
Let s be 4 + 2*(1 + -2). Let z(g) = -9*g**2 + 6 + 7*g - 1 + 8*g**s. Give z(6).
11
Let y(v) = -v**2 + 5*v + 5. Let p be y(5). Suppose -6 = p*q - 2*q. Let r(k) = -4*k**3 - 6 + 3 - 3*k - 2*k**2 + 3*k**3. Calculate r(q).
3
Let q(a) = 7*a + 8. Let x(y) = -6*y - 7. Let d(l) = -4*q(l) - 5*x(l). Let v = 13 + -20. Let z = -10 - v. Give d(z).
-3
Let g(k) be the second derivative of -k**6/720 + k**5/60 - k**4/2 - k. Let m(b) be the third derivative of g(b). What is m(1)?
1
Let v = -419/6 + 70. Let a(s) be the second derivative of 0 + 1/2*s**2 - 2*s - v*s**3. Calculate a(4).
-3
Let y(v) be the third derivative of -1/6*v**3 - 1/8*v**4 + 0*v + 0 + 4*v**2 - 1/60*v**5. Give y(-2).
1
Let q(t) = 2*t**2 + 3*t + 1. Let a(l) = -l**3 - 7*l**2 - 7*l - 8. Let m be a(-6). What is q(m)?
3
Let d = -3 + 1. Let o = -3 + d. Let m(c) = -c**3 - 4*c**2 + 4*c - 2. What is m(o)?
3
Let w(n) be the first derivative of n**3/3 + n**2 + 3*n - 2. Let f = 7 - 5. Suppose -5 = -t - 6*y + 4*y, f*t - 3*y = -18. Determine w(t).
6
Let t(m) = -m**2 - 21*m + 9*m + 10*m - 1. Determine t(-3).
-4
Let a(z) = 53*z**2 + 3*z. Let i(g) = 18*g**2 + g. Let u(q) = -2*a(q) + 7*i(q). Give u(-1).
19
Let l(r) = r + 8. Let x(s) be the third derivative of 0*s + 1/12*s**4 + 3/2*s**3 + 0 - s**2. Let f(p) = 4*l(p) - 3*x(p). Give f(5).
-5
Suppose -5*p - 4*s - 5 = 0, 7 = 4*p + s - 0*s. Let g(l) = l**2 - l + 3. Determine g(p).
9
Let f be (1/(-3))/((-1)/(-3)). Let p(h) = -4*h**3 - 1. Let t be p(f). Let n(a) = -a**2 + 2*a + 2. Give n(t).
-1
Let x(z) be the second derivative of -z**4/12 - 5*z**3/6 - z**2 - z. Determine x(-6).
-8
Suppose 4*m - w + 0 = -16, 2*m + 4*w = -26. Let h(g) be the second derivative of -g + 0 - g**3 - 3*g**2 + 1/20*g**5 + 1/3*g**4. Determine h(m).
-1
Let l(h) = -h**2 - 2 + h**2 + 4*h**2 - 3*h**2 - 5*h. Calculate l(4).
-6
Let t(k) = k. Let p(n) = -5*n - 2 - 2 + 2. Let f(j) = p(j) + 6*t(j). Determine f(0).
-2
Let u(j) be the third derivative of j**7/5040 - j**6/720 - j**5/30 + 4*j**2. Let t(f) be the third derivative of u(f). Give t(2).
1
Let m(o) = -6*o + 3. Let j(k) = -3*k + 1. Let q(u) = 5*j(u) - 2*m(u). Suppose 0 = -5*s + 4*s. Suppose -1 = y + l - s, -5 = 5*y - 5*l. Calculate q(y).
2
Let n(b) = b**3 + 10*b**2 + 8*b - 3. Let m be n(-9). Let i be 2 + m/(-4)*2. Let k(j) = -3*j**2 + 2*j + 1. What is k(i)?
-4
Let y be 2/9 - 104/(-18). Let x be ((-4)/(-6))/(1/y). Let t(b) = -3*b - 3 + x*b + 7. Determine t(0).
4
Let s(q) = 2*q**2 + 12*q + 7. Let m(c) = c + 2. Let i be m(2). Let h(r) = 8*r + 4 - 5 - i*r - 5*r. Let z(j) = 6*h(j) + s(j). What is z(-4)?
9
Let z(j) be the second derivative of 2*j + 0 - 3/2*j**3 + 1/2*j**2. Give z(-1).
10
Let w(q) = -4*q**2 - q - 1. Let a be w(-1). Let i(c) be the first derivative of c**4/4 + 4*c**3/3 + 5*c + 19. Give i(a).
5
Suppose -4*u + 4*l = -4, 3*u - 2 = l + 3. Let s(i) be the second derivative of 1/3*i**3 + 0 - 5/2*i**u + 2*i. Calculate s(5).
5
Let s = -5 - -8. Let u(q) = -2 - 5 + q + s. Suppose -z = -3*t - 1, -z - 4*z + 5 = 4*t. What is u(t)?
-4
Suppose -1 = -3*r + 23. Let n(l) be the second derivative of l**4/12 - 3*l**3/2 + 9*l**2/2 - l. Let v be n(r). Let s(b) = 1